7*p = -191 - x. What is the units digit of p?
5
Suppose -7374 = -8*q + 1898. What is the hundreds digit of q?
1
Let r(k) = k**3 + 11*k**2 - k - 7. Let v be r(-11). Suppose v*t + 485 = 5*j + t, 277 = 3*j + t. What is the tens digit of j?
9
Suppose -z + 1 = -0, 0 = 2*k + 3*z - 199. Let j be 2/(-7) + 224/k. Let f(t) = -t**3 + 3*t**2 + 3*t - 2. What is the units digit of f(j)?
8
Let s = 7553 + -3970. What is the thousands digit of s?
3
Suppose -4*r + 31845 = 51*r. What is the hundreds digit of r?
5
Suppose 4*d - 41 = -5*i + 8*d, 46 = 5*i + d. Let g be -1 + 7 - 9/i. Suppose 0 = -q - g*m + 27, 0*q - 3*q - 4*m = -114. What is the units digit of q?
2
Suppose 3 = -s - 0*s. What is the tens digit of ((-3)/6 - s)*(-328)/(-10)?
8
Let q be 4/(1 + 0) + 1. Suppose o - 6 = q. What is the units digit of o?
1
What is the units digit of (-70075)/(-275) + 2/11?
5
Suppose -4*f - 33 = -n, 0 = -f + 5*n - 32. Let z(u) = -7*u - 8. What is the tens digit of z(f)?
4
Let w be (-2)/11 - 9/11. Let k be w/(-5) + (-12)/(-15). Let o(q) = 31*q + 1. What is the units digit of o(k)?
2
Suppose -93*z + 58212 = -72*z. What is the units digit of z?
2
Let i(q) = -q**3 + q**2 - q + 6. Let j be i(0). Let k(m) = -4*m + 1 + 11 + 13*m - 13. What is the tens digit of k(j)?
5
Let z be 20*(2/(-5))/(8/(-5)). Suppose 2*t = -3*t. Suppose z*l = -t*l + 170. What is the units digit of l?
4
Suppose 2*c = 3*c - 44. Suppose c = 4*n - 0*n. Let f = n - 8. What is the units digit of f?
3
Let y(r) = r - 14. Let o be y(16). Suppose 0 = 2*q - 0*q - 12. Let g = q + o. What is the units digit of g?
8
Let o be -15 + 12 + 8*1. Suppose 3*x = 4*g - 223, -o*g + 319 - 39 = -5*x. What is the units digit of g?
5
Suppose -3*z + 4 = 2*j, 5*z - 10 = -4*j - 0*z. Suppose a + x = 86, j*a + 3*x = x + 424. What is the tens digit of a?
8
Let w = -49 - -49. Suppose 3*o = -4*r + 713, o - 241 = -3*r - w*r. What is the hundreds digit of o?
2
What is the hundreds digit of -3 + 2 - 4 - -638?
6
Let b = 366 + -110. What is the tens digit of b?
5
What is the units digit of (126/(-189))/(2/(-3438))?
6
Suppose -6301 = -26*m + 15331. What is the tens digit of m?
3
Let z(j) = -92*j + 8 - j**2 + 40*j + 35*j. Let i be z(-14). Suppose -332 = -4*o - 5*k - 131, -i = -o - k. What is the units digit of o?
9
Suppose -16 = 4*s, 0 = -6*d + 2*d - 5*s - 20. Suppose d = 4*n - 106 - 98. What is the units digit of n?
1
Let f(v) = -2*v**2 + 13*v + 16. Let s be f(10). Let z = 21 - s. What is the tens digit of z?
7
Let h = 666 + 539. What is the units digit of h?
5
Let v be (10/(-15))/((-6)/45). Suppose 3*h + m + 39 = v*m, -4*m = 0. Let g(b) = -b**2 - 12*b + 17. What is the units digit of g(h)?
4
Let p = -2134 - -2996. What is the hundreds digit of p?
8
Let j(a) = -3*a**3 + 40*a**2 - 5*a + 23. What is the hundreds digit of j(13)?
1
What is the hundreds digit of -16*(-4827)/42 - 3/(-21)?
8
Let q = 80 + -227. Let a = q - -245. Suppose y - 160 = -5*w - 4*y, -4*y + a = 3*w. What is the tens digit of w?
3
Suppose -41 - 71 = -4*o. Let b = -18 + o. Suppose 5*j + 4*u = 183, 0 = 5*u - 0*u - b. What is the units digit of j?
5
Let q(x) = -x**3 - 5*x**2 + 4*x + 6. Suppose -3*d = 8 + 10. Let p be q(d). Suppose 5*k - p = -3. What is the units digit of k?
3
What is the tens digit of (-224)/392 - 11029/(-7)?
7
Let g = 56 - 41. What is the units digit of 1 + 84 + (13 - g)?
3
Suppose 4*f = -21*f + 27775. What is the hundreds digit of f?
1
Suppose 0*c = 11*c - 66. What is the units digit of (50/15)/5 + 404/c?
8
Let l be (-2)/(-3)*(-24)/(-4). Let h(y) = 1 - 7*y + l*y + 0. What is the tens digit of h(-4)?
1
Suppose 0 = 4*n + 4*h, -4*n + 5*h + 45 = -0*n. Suppose 0 = -3*o - 2*o, n*k - 3*o - 175 = 0. What is the units digit of k?
5
Suppose 2 = 17*i - 16*i. Suppose 3*o + d = 6*d + 344, 4*o - 424 = -i*d. What is the hundreds digit of o?
1
Let c = -166 + 258. Suppose -w - 31 = -c. What is the tens digit of w?
6
Let j be 2/(-6) + 1/3. Suppose a + 4*a - 20 = j. Suppose a*o - 42 = 3*k, k = 3*o - 4*k - 26. What is the tens digit of o?
1
Let x be -10*((-8)/(-5) + 0). Let f = 71 + x. Let j = f + -36. What is the tens digit of j?
1
Suppose 0*x + 4*g + 26 = 2*x, -4*g - 12 = 0. Let d = x - 4. Suppose -p - d*h + h + 26 = 0, 5*p - 122 = -2*h. What is the units digit of p?
4
What is the tens digit of 156/208*(-112)/(-6)?
1
Suppose -2*r + 30 = -n - 5*r, -3*r + 30 = -3*n. Let u = n - -19. Suppose -u + 0 = -2*j. What is the units digit of j?
2
Let h be ((-16)/32)/((-1)/48). Suppose -15 = -3*y + h. Suppose -y*z = -8*z - 10. What is the units digit of z?
2
Suppose -14 = -d + 4*v, 4*d - 5*v - 20 = -7*v. What is the units digit of 102 - ((-1)/(-2))/(3/d)?
1
Let q(x) = 17*x**2 + 1. Let i be q(4). Let d = i + -139. What is the units digit of d?
4
Let x = 155 - 151. What is the units digit of x?
4
Let l(a) = 2*a**2 + 3. Let x = -15 - 1. Let u = x - -20. What is the tens digit of l(u)?
3
Let k = 10 - -5. Suppose 0 = 2*s + 2*n - 16, -3*s = 4*n - 11 - k. What is the units digit of s?
6
Let k(n) = 0*n + n + 16 + 6 - 7. Let r be k(-14). Suppose r = -5*v + 256. What is the units digit of v?
1
Let u(b) = 7*b**3 - 3*b**2 + 3*b - 2. What is the tens digit of u(3)?
6
Let c = 3356 - -274. What is the hundreds digit of c?
6
Suppose 5*b = -55 + 1710. Let x = b + -152. What is the hundreds digit of x?
1
Let t = -5 - -3. Let b be 0*(1 + 0)/t. Suppose r - 9 + 2 = b. What is the units digit of r?
7
Let c be -2 + 0*(-1)/(-3). Let k be ((-56)/12)/(c/(-12)). What is the units digit of 5 + -5 + 3 - k?
1
Let l = -189 - -210. Suppose f + 16 = -3*c, -2*c - 4*f + 20 = -4*c. Let v = c + l. What is the units digit of v?
5
Let p be (0 + 0)*2/2. Let a be 0/(-3)*((-6)/4)/(-3). Suppose -105 = -4*c + b, a*b + 4*b + 20 = p. What is the tens digit of c?
2
Suppose 0 = -p + 4. Suppose 0 = r + r. Suppose r = -v - 3*v + d + 46, 0 = 5*v + p*d - 47. What is the tens digit of v?
1
Let b(k) = 4*k**2 - 1. Let o be b(-1). Suppose i + 3 = -4*c, o*c + 2*c = 5*i - 10. Let g(v) = 11*v**2 - 1. What is the units digit of g(i)?
0
Let l be (-4)/(21 - -3)*-4*-3. What is the tens digit of 10 - 7 - 184/(1 + l)?
8
Suppose 70*m + 117088 = 102*m. What is the units digit of m?
9
Let y(m) = -m - 5. Let h be y(-6). Let a be h/(2/14) + -3. Suppose l + a = 2*l. What is the units digit of l?
4
Let s(g) = -g**3 + 3*g**2 + 4*g + 3. Let z(d) = d**3 - 3*d**2 - 3*d - 2. Suppose 0*r - 2*r = -6. Let o(k) = r*s(k) + 4*z(k). What is the tens digit of o(4)?
1
Suppose -4*f + 7 = 5*p - 2*f, -4*f - 4 = 4*p. Let v be (-1 + p)/(15 + -14). Suppose 17*o = 16*o + v. What is the units digit of o?
2
Let f be 8/(-2) - (-450)/15. Suppose 7*v = f + 9. Suppose v*y + 2*t = -t + 123, 4*y - 4*t - 92 = 0. What is the tens digit of y?
2
Suppose -4*t + 7852 = -3*h, -16 = -6*h + 10*h. What is the tens digit of t?
6
Let p(z) = z**2 - 4*z - 7. Let r(j) = -j**2 + 4*j + 7. Let x(o) = -2*p(o) - 3*r(o). Let i(a) be the first derivative of x(a). What is the units digit of i(3)?
2
Suppose 0 = 3*u - 565 - 3368. What is the units digit of u?
1
Let v(j) = j**2 + 11*j + 6. Let l be v(-11). Suppose 0 = -5*h + l*h - 74. What is the tens digit of h?
7
Let i(o) = 6*o - 12. Let m be i(3). Suppose m*u - 5*u = 61. What is the units digit of u?
1
Let q(f) = -f**2 - 40*f + 35. What is the units digit of q(-22)?
1
Suppose r - 2724 = -x, 0 = 2*r + x - 6870 + 1420. What is the thousands digit of r?
2
What is the hundreds digit of 3/15*-1558*(-70)/14?
5
Suppose -8*x + 0*x = -56. Suppose -s + 1144 = x*s. What is the hundreds digit of s?
1
Let z be (-50)/(-15)*(-18)/(-10). What is the units digit of (-12)/4*((-170)/z - 1)?
8
Let k(w) = -5*w - 5. Let i be k(-2). Suppose i*g - 71 = 314. What is the units digit of g?
7
Suppose -h - 567 = -7*s + 6*s, 5*h = s - 575. What is the tens digit of s?
6
Suppose 0 = -0*f - 2*f + 3*g - 4, 4 = -2*f - g. Let y be f/8 + 276/16. Suppose 6*w - y = 5*w. What is the tens digit of w?
1
Let k be -6*8/(-12) - 4. Suppose k = 3*l + 19 - 70. What is the units digit of l?
7
Suppose -9*u - 3*a = -40134, -3*u + 5948 + 7446 = 5*a. What is the units digit of u?
8
Let r = -437 + 700. What is the tens digit of r?
6
Suppose -10*l = -800 - 1030. What is the hundreds digit of l?
1
Suppose 12*g - 54 = 1398. What is the units digit of g?
1
Let x(h) be the second derivative of 17*h**3/6 + 5*h**2/2 - 15*h. W